 - (-4)/(-8)).
3, 13
Let c = 8800 - 5769. List the prime factors of c.
7, 433
Let y(h) = -60*h - 6. Let v be y(-3). Suppose 7*f = 10*f + v. Let l = f + 97. What are the prime factors of l?
3, 13
Suppose 6*y - 20 = y - 4*l, 4*y - 5 = -l. Suppose y = 12*u - 8*u - 812. List the prime factors of u.
7, 29
Let j(s) = -4*s - 3. Let a be j(-2). Suppose -q + 0*q = 3*k - 175, -a*q = 2*k - 108. What are the prime factors of k?
59
Let c(r) = r**3 - 9*r**2 - 16*r + 17. Let g be c(10). Let h = 9 - g. List the prime factors of h.
2, 13
Let o = -471 + 738. What are the prime factors of o?
3, 89
Let z be ((-4)/10)/1*-355. Suppose -p - 4*h + 87 = 0, 4*p + 2*h + 138 = 514. Let n = z - p. What are the prime factors of n?
47
Let x(a) = 47 + 7*a + 23*a + 0. What are the prime factors of x(7)?
257
Let y(a) = -a**3 - 7*a**2 - 10*a + 3. Let w = 20 + -28. List the prime factors of y(w).
3, 7
Let g(n) = 2*n**2 + 3*n - 9. Suppose -3*b + 5*w + 26 = 0, -3*b - 2*w - 1 = 1. Suppose 4*t = 5*o - 3 - 8, 2 = -t + b*o. List the prime factors of g(t).
11
Suppose 0 = -13*f + f + 5328. List the prime factors of f.
2, 3, 37
Let t = -9178 - -13161. List the prime factors of t.
7, 569
Suppose -336*r + 6699 = -333*r. List the prime factors of r.
7, 11, 29
Suppose 0 = 2*m + f - 41, -3*m + 0*m + f + 49 = 0. Let r = m + -4. Let t = 3 + r. List the prime factors of t.
17
Suppose 3 = 4*r - 9. Suppose -4*p = -r*p - 4. Suppose 2*a - p*o - 74 = -a, -5*o - 79 = -3*a. What are the prime factors of a?
2, 3
Let a(g) = 2*g - 8. Let w be a(5). Suppose -6*j + w*j + 12 = 0. Suppose 0*k - 85 = -5*l - 5*k, j*l - 61 = 2*k. What are the prime factors of l?
19
Let p = -2154 - -8039. What are the prime factors of p?
5, 11, 107
Suppose -590 + 1494 = q. What are the prime factors of q?
2, 113
Let r(j) = -6*j**3 - 3*j**2 + 6*j + 1. Let h(x) = 2 + 2*x**2 - 6*x + 5*x**3 + x**2 - 3. Let d(q) = 5*h(q) + 4*r(q). List the prime factors of d(-4).
7
Suppose 5*a - 59 = -14. Let h(o) = 3*o + 15. What are the prime factors of h(a)?
2, 3, 7
Let w = 12 + -26. Let b = w - -71. What are the prime factors of b?
3, 19
Let j(n) = 69*n - 157. What are the prime factors of j(4)?
7, 17
Let v = 7 - 4. Suppose -c - c = -v*s - 6, -4*c = -s - 22. Suppose -c = -r + 6. List the prime factors of r.
2, 3
Let y(w) be the first derivative of w**2 - 1 - 5/2*w**4 + w + 1/3*w**3. List the prime factors of y(-1).
2, 5
Suppose 2*r - 2*y - 2346 = 0, -3*r - y = -1634 - 1897. List the prime factors of r.
2, 3, 7
Let w be 18/4 + (-7)/(-14). Suppose -w*n - 2*l + 24 = 0, l = -3*n + 5*l + 4. Suppose x - v + 7 = 26, -3*x = -n*v - 54. What are the prime factors of x?
2, 11
Let y(j) = 11*j**2 + 4*j - 3. Let r be y(-4). Suppose -k + 4*b + r = 3*b, 4*k - 627 = 3*b. List the prime factors of k.
2, 3, 13
Let g(i) = 3*i**2 - i + 2. Let z be g(1). Suppose 0 = z*x - 4*q - 460, -4*q + 5*q - 2 = 0. List the prime factors of x.
3, 13
Suppose -j - 8 = -3*j. Suppose -14 = -j*k + 22. List the prime factors of k.
3
Suppose -1638 - 7562 = -4*n. What are the prime factors of n?
2, 5, 23
Let k be 4/(-1) + -2 + -2 + 3. List the prime factors of (-24)/60 - 47/k.
3
Let z(v) = -6*v - 9. Let r(l) = l + 1. Let k(i) = -5*r(i) - z(i). What are the prime factors of k(12)?
2
Suppose -2*t - 48 = -0*t. Let n = 36 + t. What are the prime factors of n?
2, 3
Suppose 3*g - 4*a - 9 = 0, -2*g + 6 = 5*a - 10*a. Suppose -g*d = 6, 2*d + 227 = 3*q - 284. List the prime factors of q.
13
Let t = 4358 - 1966. List the prime factors of t.
2, 13, 23
Suppose 105*h = 101*h - 860. Let w = 337 + h. What are the prime factors of w?
2, 61
Suppose -14*i - 304 = -6*i. Suppose -4*t + 54 = -26. List the prime factors of ((-10)/t)/(1/i).
19
Suppose -2*g = 2*g - 1040. Suppose m - g = -3*m. Suppose m = h + 22. What are the prime factors of h?
43
Let h(l) = 0*l + 8 + l**2 - 3*l - 3. Let z be h(-4). Suppose 3*d - 90 = -z. List the prime factors of d.
19
Let r be ((-2)/(-21)*-3)/((-2)/28). Suppose -750 + 25 = -5*f + r*d, 4*f = 5*d + 580. List the prime factors of f.
5, 29
Let a(t) be the third derivative of -t**5/60 + t**4/6 + 13*t**2. List the prime factors of a(3).
3
Let b(w) = w**2 - 7*w + 2. Let a be (15/(-30))/(1/(-14)). Let k be b(a). Suppose 165 = 3*m + k*m. What are the prime factors of m?
3, 11
Suppose 3*u = -2*o + 5930, -2*o - 863 = -u + 1103. List the prime factors of u.
2, 3, 7, 47
Let n = -23 - -130. Suppose w - x - n = -0*w, -2*w = 2*x - 206. List the prime factors of w.
3, 5, 7
What are the prime factors of 131534/338 + 4/(-26)?
389
What are the prime factors of ((5 - 4)/(-1))/((-2)/346)?
173
Let c(r) = r**3 - r**2 + 2*r + 47. Let i(l) = l + 5. Let o be i(-5). What are the prime factors of c(o)?
47
Suppose 0 = -5*s + 2*k + 14012, -10*k + 6*k = 4*s - 11204. What are the prime factors of s?
2, 3, 467
Let s be -7 + 9 - (-43 + 0). List the prime factors of 552/30 - (-3)/(s/(-6)).
2, 3
Let m(r) be the first derivative of 6*r**2 - 4*r - 4. Let h(s) = -s. Let f(u) = 22*h(u) + 2*m(u). List the prime factors of f(6).
2
Suppose q = -4*w - 112 + 14, 4*q = -5*w - 117. Let p be 30/(-3) + -1 + 4. Let v = p - w. What are the prime factors of v?
2, 3
Suppose 8*p - 7 = 17. Suppose 3*t = p*m - 348, 3*m - 4*m + 5*t + 96 = 0. List the prime factors of m.
11
Suppose 0 = -5*h + 2*a + 2363, 2347 = 5*h + 3*a - a. List the prime factors of h.
3, 157
Let m = -39 - 15. Suppose 396 = 7*z - 3*z. Let i = m + z. What are the prime factors of i?
3, 5
List the prime factors of ((496/3)/8)/((-2)/(-3)).
31
Let g(o) = o - 14. Let y be g(6). Let q be 2/y + (-3)/(-12). List the prime factors of (q - 12/(-9))*3.
2
Suppose -2*v + 10 = 5*h, 4*v + 2*h - 29 + 9 = 0. Suppose -v*k - 2*a + 287 = -59, -k = -2*a - 74. What are the prime factors of k?
2, 5, 7
Suppose -5*a = -4*a. Suppose -10 = -2*r - a*r. Suppose 62 = 7*x - r*x. List the prime factors of x.
31
Suppose -2*a - 5*v + 1249 = 0, -1267 = -a - a + v. Let o = a - 427. List the prime factors of o.
5, 41
Let c(s) = 3*s + 3 - 8*s + s**3 - 2*s**3 - 5*s**2. What are the prime factors of c(-6)?
3, 23
Suppose -2*y = -1885 - 127. List the prime factors of y.
2, 503
Let t(f) = -2*f + 9*f**2 + 3*f**2 - 8*f**2 - 6. What are the prime factors of t(3)?
2, 3
Suppose 4*j - 6 = 6*j, 7283 = 2*s + 3*j. List the prime factors of s.
2, 1823
Suppose -99*f + 5576 = -95*f. List the prime factors of f.
2, 17, 41
Suppose -51530 - 3217 = -21*t. What are the prime factors of t?
3, 11, 79
Let y be 15*(-3 - (-68)/20). Let b(k) = 10*k + 17. List the prime factors of b(y).
7, 11
Suppose 14*m + 16 = 16*m. List the prime factors of (m/10)/((3 - 1)/300).
2, 3, 5
Let t = 229 - -126. List the prime factors of t.
5, 71
Suppose 3*n + 3369 = 3*t - 765, -2*n = -5*t + 6878. What are the prime factors of t?
2, 3, 229
Suppose 0 = 5*f - a + 10, -f - 3*a - 2 + 16 = 0. Let j(v) = 114*v**2 + 3*v - 1. List the prime factors of j(f).
2, 5, 11
Suppose 0 = -10*s - 2 + 12. List the prime factors of (332*s)/(7 - (0 - -6)).
2, 83
List the prime factors of 2212/2 + (-3)/(-9)*0.
2, 7, 79
Let w = -5389 - -7647. List the prime factors of w.
2, 1129
Let m(n) = -4*n**2 + 3*n - 14. Let h be m(-13). Let s = -407 - h. List the prime factors of s.
2, 7, 23
Suppose 19*o - 549 = 18*o. List the prime factors of o.
3, 61
Let t = 537 - 262. List the prime factors of t.
5, 11
Let b(t) = -10*t - 27. Suppose -10 - 1 = k. List the prime factors of b(k).
83
What are the prime factors of (2155*(-4)/(-30))/(1/6)?
2, 431
Let p(k) = k**2 + 17*k - 12. Let m(t) = -9*t + 6. Let h(g) = 5*m(g) + 2*p(g). What are the prime factors of h(10)?
2, 3
What are the prime factors of 2 + (-6)/(-12)*1822?
11, 83
Let c(j) = -3*j**3 + 31*j**2 + 17*j + 41. Let m(y) = y**3 - 15*y**2 - 9*y - 20. Let r(i) = -2*c(i) - 5*m(i). What are the prime factors of r(-10)?
2, 13
Let n(h) = 2*h**2 - h + 3 + 4*h**3 + 2*h**2 - 3*h**2. Let c = 104 + -102. List the prime factors of n(c).
37
Let i be (24/(-32))/((-1)/4). Let b be 3*(20/(-12) + i). List the prime factors of (-1)/b*-4*13.
13
Let p = -1015 + 4356. List the prime factors of p.
13, 257
Let j be 18/(-2) + (0 - -4)/4. Suppose 2*q = 3*q + 18. Let x = j - q. What are the prime factors of x?
2, 5
Suppose -2*o + 485 = 3*s - 1713, 0 = -2*s + 3*o + 1487. What are the prime factors of s?
2, 23
Suppose 4*k - 1078 = -3*x, 5*x = k - 408 + 150. List 